 highest common divisor of 22477289 and 177?
59
Calculate the highest common divisor of 977086 and 437.
23
Calculate the greatest common factor of 70455809 and 1237.
1237
What is the highest common divisor of 216265822 and 2?
2
Calculate the highest common factor of 12958 and 13217842.
682
What is the highest common divisor of 2017129 and 148?
37
Calculate the highest common factor of 661428 and 15318.
18
Calculate the greatest common factor of 368064496 and 48.
16
What is the highest common factor of 1801845 and 50535?
45
Calculate the greatest common divisor of 54835 and 82995.
55
What is the highest common divisor of 814 and 38139970?
814
What is the highest common divisor of 9372890 and 2470?
190
Calculate the greatest common factor of 28303 and 1477894.
341
Calculate the greatest common factor of 3780 and 3892280.
140
Calculate the greatest common divisor of 59048757 and 405.
81
What is the greatest common divisor of 20010552 and 48?
24
What is the greatest common factor of 109375 and 76125?
875
What is the greatest common divisor of 61869572 and 12?
4
Calculate the highest common divisor of 2280 and 123006.
114
What is the highest common divisor of 45877763 and 3506?
1753
Calculate the greatest common factor of 47204 and 1808.
4
What is the highest common divisor of 99 and 4962177?
99
What is the greatest common divisor of 2793651 and 87731?
1057
What is the highest common factor of 28203046 and 284?
142
Calculate the highest common factor of 1446506834 and 58.
58
Calculate the highest common factor of 263601 and 598.
13
Calculate the highest common divisor of 905682730 and 92.
46
What is the highest common divisor of 299810 and 5180?
70
Calculate the greatest common divisor of 131 and 315994663.
131
Calculate the highest common factor of 3 and 104022.
3
Calculate the highest common factor of 3636849321 and 189.
189
What is the greatest common divisor of 373378055 and 340?
85
What is the highest common factor of 90060 and 395790?
2370
What is the highest common factor of 387 and 21232153?
43
What is the highest common factor of 45 and 175323?
3
Calculate the greatest common divisor of 81510841 and 23457.
1117
Calculate the greatest common divisor of 44714 and 1107662.
566
Calculate the greatest common factor of 8 and 440108.
4
Calculate the highest common divisor of 107780829 and 117.
39
What is the greatest common factor of 2839718 and 294?
14
What is the highest common factor of 361 and 46354566?
361
What is the highest common factor of 69036 and 1022252?
44
What is the greatest common divisor of 74091866 and 8?
2
What is the greatest common factor of 218 and 17784113?
109
Calculate the greatest common divisor of 138 and 29838153.
69
Calculate the highest common factor of 3450496000 and 512.
512
Calculate the highest common divisor of 519167 and 9592.
1199
What is the highest common factor of 2212 and 355691812?
2212
Calculate the greatest common divisor of 7800 and 290718600.
600
What is the greatest common factor of 146609404 and 292?
292
What is the greatest common divisor of 138701 and 6943?
53
What is the greatest common factor of 95 and 5717995?
5
Calculate the highest common factor of 7824656 and 5516.
28
What is the highest common divisor of 13199 and 1537782?
197
What is the highest common divisor of 2862086 and 136?
34
What is the greatest common factor of 33279342 and 4878?
1626
What is the highest common factor of 283415734 and 470?
94
What is the highest common divisor of 580284 and 11940?
2388
What is the greatest common factor of 1404 and 62907?
39
Calculate the greatest common factor of 393680 and 128940.
140
What is the highest common factor of 264027 and 9486?
1581
What is the highest common divisor of 653173 and 2?
1
Calculate the greatest common divisor of 15550 and 924914.
622
Calculate the highest common factor of 610357737 and 33.
33
Calculate the highest common factor of 29835501 and 8181.
303
Calculate the greatest common divisor of 5117588 and 33775.
1351
What is the greatest common divisor of 3358 and 10462194?
46
What is the highest common divisor of 1676070 and 682?
22
Calculate the greatest common divisor of 413797 and 5757.
101
Calculate the highest common divisor of 282230 and 25804506.
4342
What is the greatest common divisor of 1832745 and 1647?
183
What is the highest common divisor of 4205860 and 1017?
113
Calculate the greatest common divisor of 657996696 and 5406.
5406
Calculate the greatest common factor of 953701784 and 146.
146
What is the greatest common divisor of 45830697 and 1035?
69
What is the greatest common factor of 49143299 and 125225?
5009
What is the highest common divisor of 7670992 and 2198?
14
What is the highest common divisor of 131172 and 18156?
204
Calculate the greatest common factor of 527 and 3762015.
17
Calculate the highest common divisor of 1430000508 and 60020.
12004
What is the highest common divisor of 41544064 and 4206?
1402
Calculate the highest common divisor of 151428474 and 244.
122
What is the highest common divisor of 7466895 and 15?
15
What is the highest common factor of 217765644 and 36?
12
Calculate the greatest common factor of 64 and 377944864.
32
Calculate the highest common divisor of 690 and 24927584.
46
What is the highest common divisor of 131623 and 116318?
3061
What is the greatest common divisor of 3230 and 299719452?
646
What is the highest common divisor of 358494344 and 416?
104
Calculate the highest common divisor of 1520019 and 1691.
19
Calculate the greatest common factor of 235752 and 7624.
8
What is the highest common factor of 37479414 and 294?
294
What is the greatest common factor of 295 and 233032241?
59
Calculate the greatest common divisor of 11936 and 10832.
16
Calculate the greatest common divisor of 7590 and 123762.
6
Calculate the highest common divisor of 324 and 18955215.
81
Calculate the highest common divisor of 5117 and 3337187.
301
What is the highest common factor of 160951 and 693?
7
What is the highest common divisor of 160512 and 1417476?
228
Calculate the greatest common factor of 48914 and 17390.
74
What is the greatest common factor of 174 and 9086657?
29
Calculate the greatest common divisor of 9 and 3936850335.
9
Calculate the highest common factor of 1269181 and 15276.
1273
Calculate the highest common factor of 416 and 531323.
13
Calculate the highest common divisor of 35694 and 547614.
54
Calculate the greatest common divisor of 22644116 and 682.
22
What is the highest common divisor of 20627308 and 156?
52
Calculate the highest common factor of 14662154 and 4654.
26
What is the greatest common factor of 6588058 and 1178?
62
What is the highest common divisor of 36803000 and 494?
494
What is the greatest common factor of 1702505 and 5?
5
What is the greatest common divisor of 18621 and 146439?
9
Calculate the highest common divisor of 60 and 134380710.
30
What is the highest common factor of 610121620 and 2105?
2105
Calculate the highest common divisor of 161 and 2205217.
161
Calculate the greatest common factor of 1629 and 4692063.
543
What is the highest common factor of 70865718 and 942?
942
What is the highest common divisor of 22496940 and 3402?
486
What is the highest common divisor of 392 and 15932497?
49
Calculate the greatest common factor of 7100 and 11719700.
100
What is the greatest common factor of 156771 and 1170?
9
Calculate the highest common factor of 8159 and 2378697.
41
Calculate the greatest common divisor of 680241 and 233653.
1151
What is the greatest common divisor of 1402548 and 145789?
413
Calculate the greatest common factor of 6336859 and 384097.
1483
What is the greatest common divisor of 115349 and 3897907?
247
Calculate the greatest common divisor of 1522342 and 292.
146
What is the highest common factor of 22021 and 1323787?
361
What is the highest common divisor of 701722 and 126?
14
What is the greatest common factor of 2145366460 and 538?
538
What is the greatest common divisor of 4984146 and 75?
3
Calculate the greatest common divisor of 81741 and 111375.
33
Calculate the greatest common divisor of 85723569 and 81.
27
Calculate the highest common divisor of 10314 and 1155550.
382
Calculate the highest common divisor of 18557 and 188853.
7
Calculate the greatest common fact